- (-1)/9. What are the prime factors of 4*5/10 + d?
2, 7
Let x = -4 + 4. Let h(f) = -4*f + 0*f + x*f - 3 + 4*f**2. List the prime factors of h(-2).
3, 7
Let s be -7 + 4 + 2 + 20. Suppose c - 2*c = 4*k - s, -2*k - 68 = -2*c. What are the prime factors of c?
31
Let s(a) = 265*a + 32. What are the prime factors of s(2)?
2, 281
Let y be 5*-14*(78/(-15) - 0). Suppose -y = -8*p + 844. What are the prime factors of p?
151
Let d = 17 - 36. Let v = 24 + d. Suppose v*q - 44 = 4*q. What are the prime factors of q?
2, 11
Suppose 40*s - 39*s - 2186 = 0. List the prime factors of s.
2, 1093
Suppose -2*w + 243 - 78 = l, 175 = l + 4*w. Let i = l - 76. List the prime factors of i.
79
Suppose 3*c - 609 - 258 = 0. What are the prime factors of c?
17
Let z(b) = 209*b**2 + b + 2. List the prime factors of z(2).
2, 3, 5, 7
Let f = -383 - -593. What are the prime factors of f?
2, 3, 5, 7
Suppose 0 = 2*g - 3 - 3. Let p = -8 + 10. Suppose -g*j + 160 = p*j. What are the prime factors of j?
2
Let i(r) = r**3 - 10*r**2 - 13*r + 25. Let m be i(11). Suppose -m*a = 2*b - 177, a - b - 59 = 2*b. List the prime factors of a.
59
Let x be (1*584/(-12))/((-4)/30). Suppose 814 = 9*o - x. List the prime factors of o.
131
What are the prime factors of 62*11/(44/32)?
2, 31
Suppose -4587 = -9*i + 3783. What are the prime factors of i?
2, 3, 5, 31
Suppose -2*o + 9*o = 0. Suppose 0 = 6*z - o*z. Suppose z = -4*r - 3*m + 165, -5*m + 10 = -5. List the prime factors of r.
3, 13
Let c(s) = s**3 + 12*s**2 - 10*s + 21. Let d be c(-13). Suppose 3*q + 6 = 0, 156 = 2*i - 7*i + 2*q. Let n = d - i. List the prime factors of n.
2, 7
Let a be (-2410)/(-50) + (-1)/5. List the prime factors of 30/(-4)*a/(-20).
2, 3
What are the prime factors of (-7 - (-1)/(-2))/(2/(-644))?
3, 5, 7, 23
Let p(w) = -18*w - 84. Let h(d) = -6*d - 28. Let f(k) = 10*h(k) - 3*p(k). What are the prime factors of f(-19)?
2, 43
Let b be 21*3/((-9)/(-4)). Suppose -2 = -2*d + b. What are the prime factors of 122/5 - 6/d?
2, 3
Suppose i = 5*w - 4394, -139*w + 144*w + 2*i = 4382. What are the prime factors of w?
2, 439
Let v(g) be the second derivative of g**5/120 - g**4/6 - 2*g**3/3 - 5*g. Let w(s) be the second derivative of v(s). List the prime factors of w(8).
2
Let j(c) = -1028*c + 103. List the prime factors of j(-2).
17, 127
Suppose 3*o - 88 = -4*r, 2*o = 2*r + 3*o - 46. Let c = 0 + r. What are the prime factors of c?
5
Let u(q) = -33*q - 21. List the prime factors of u(-4).
3, 37
Let j(l) = l**3 - 30*l**2 + 54*l - 42. Let a be j(28). Let o = a - -124. What are the prime factors of o?
2, 13
Let v = 415 - 118. List the prime factors of v.
3, 11
Let l = 133 + 17. What are the prime factors of l?
2, 3, 5
Let a be 32/14 + (-6)/21. Suppose 0 = 3*h - 2 - 10. Suppose h*b - 23 - 113 = z, a*b - 78 = 3*z. List the prime factors of b.
3, 11
Let k(h) = h**3 - h**2 + 82. Let o be k(0). Let v = o + -58. Suppose -3*t + v = -3. What are the prime factors of t?
3
What are the prime factors of (22330/7)/5 + -2 + 5?
641
Let f = -124 - -124. Let v = -1 - 0. What are the prime factors of 9 - 3*(v - f)?
2, 3
Let z = 68 + -54. Let v(n) = 13*n - 6. List the prime factors of v(z).
2, 11
Let g(h) = h**3 - 4*h**2 - 2*h + 2. Let m be g(3). Let b be (1 + m)*2/(-3). Suppose b = a - 2. What are the prime factors of a?
2, 5
Let k be 4/8*4 - 2. Let r = 8 + -3. Suppose -r*u + 180 = -k*u. What are the prime factors of u?
2, 3
Let u(q) = q**2 - 6*q + 930. What are the prime factors of u(0)?
2, 3, 5, 31
Let k(q) = 63*q + 46. List the prime factors of k(24).
2, 19, 41
Let t(x) be the second derivative of x**5/20 - 5*x**4/6 - 5*x**3 + 13*x**2/2 + 34*x. What are the prime factors of t(13)?
2, 5, 13
Let u(p) = p**3 + 12*p**2. Let t(s) = -s**3 - 13*s**2. Suppose 0 = -4*h + 7*h - 18. Let m(k) = h*u(k) + 5*t(k). What are the prime factors of m(-6)?
2, 3
Let s(q) = q**3 + 12*q**2 + 19*q - 1. Let v be s(-6). Let k = v + -89. What are the prime factors of k?
2, 3
Let j(h) = -h**3 + 4*h**2 - 2*h. Let g be j(2). Let d(o) = -o + 7. Let i be d(g). Suppose i*v - 110 = -35. What are the prime factors of v?
5
Suppose -778 = -2*t - 0*t - 2*x, -4*x = 2*t - 788. List the prime factors of t.
2, 3
Let y(q) be the second derivative of -q**7/2520 + 23*q**5/120 + 5*q**4/12 - q. Let c(i) be the third derivative of y(i). List the prime factors of c(0).
23
Suppose a - 5*h - 718 = 0, 2*h - 2227 = -5*a + 1282. List the prime factors of a.
19, 37
Let d(g) = 82*g**3 + 3*g**2 - 6*g. List the prime factors of d(2).
2, 41
Suppose -7 = -5*r + 3. Let q = r - -59. List the prime factors of q.
61
List the prime factors of (-4 + (1 - 21/(-9)))*-930.
2, 5, 31
Let y(m) = 24*m**2 + 20*m - 32. What are the prime factors of y(7)?
2, 3, 107
Suppose 34 = 2*z - 2*v, -5*z + 94 = 2*v - 4*v. List the prime factors of z/(-5) - (-75 + -1).
2, 3
Suppose -4*k + 3*q + 0*q = -49, 5*q + 8 = k. Let f = -6 + k. Suppose 2*a + 4*b = 41 - f, 2*a - 52 = 5*b. List the prime factors of a.
3, 7
Suppose 5*h = -2*x + 5*x - 10, x - 3*h - 2 = 0. Let u = 256 - 265. Let a = x - u. What are the prime factors of a?
2, 7
Let w(c) = -c**3 + 4*c**2 + 5. Let n be w(4). What are the prime factors of (4 + (-102)/(-10))*n?
71
Let d = 125 - 75. Suppose 0 = 3*g + 34 + 50. Let s = d + g. List the prime factors of s.
2, 11
Let g = 35 + -35. Suppose -4*o + 84 + 772 = g. What are the prime factors of o?
2, 107
Let g(r) = -2*r + 2 - 4*r + 1 + 0*r. Let c be g(-2). What are the prime factors of 10/c + (-146)/(-6)?
5
List the prime factors of 0 + (-4 - (17 - 4)*-43).
3, 5, 37
Suppose 13*s = 15*s + 138. Let r = s + 118. What are the prime factors of r?
7
Let u(q) = -3*q**2 + 55*q - 16. List the prime factors of u(17).
2, 13
Let i be (6 + -2 - 3)*0. Suppose -2*p - 8 - 22 = -4*z, i = 5*z - 5*p - 50. Suppose z*r - 59 = 51. List the prime factors of r.
2, 11
Suppose 0 = 5*v - 2*l + 16, 5*l - 18 = v - 1. Suppose -s + 1 = -1, -2*s + 22 = -3*p. List the prime factors of (-552)/(-9) - v/p.
61
Let x(h) = h**2 - 9*h - 4. Let p be x(11). Suppose 14*b - p*b = -300. List the prime factors of b.
3, 5
Suppose 13*h = 5*h. Let g be (1/(-1))/(-1) + 13. Suppose h = -g*r + 16*r - 64. What are the prime factors of r?
2
Let t be 2 + -5 + 4 + -197. Let p = 361 + t. What are the prime factors of p?
3, 5, 11
Let m be 1129/8 + (-6)/48. Suppose 4*y = y + m. List the prime factors of y.
47
Suppose 0 = -4*n - 12, 6*i + 3*n = 10*i - 1113. What are the prime factors of i?
2, 3, 23
Let q = 417 - -50. List the prime factors of q.
467
Suppose 7 + 5 = 2*u. Suppose 6*d = 3*d - z + u, -4*d = -3*z - 8. Suppose 0 = d*j + 3 - 21. What are the prime factors of j?
3
Suppose 3*y = -4*d - 15, 0 = -3*y - 2*d + d - 15. Let k(i) = i**2 - 4*i + 1. Let p be k(y). What are the prime factors of (-15)/(-10)*p/3?
23
Suppose -432 = -6*u + 4*u. Suppose u = 3*j + 18. What are the prime factors of j?
2, 3, 11
Suppose -4*u = -u + 3*j - 3, 4*u = 4*j - 4. Suppose u*r - 2*r - 6 = 0, 732 = 3*c - 2*r. What are the prime factors of c?
2, 11
List the prime factors of (-2)/9 + (-94304)/(-252).
2, 11, 17
Let j(w) = 8*w**2 + 1. Let a be (-4 - (-66)/15)*5. List the prime factors of j(a).
3, 11
Let u(x) = x**3 + 4*x**2 + 2*x + 3. Let o be u(-2). Let g = -1 - -4. Suppose -g*i = -o*i + 16. What are the prime factors of i?
2
Suppose 7*r = -2*a + 3339, -8425 = -5*a - 7*r + 5*r. What are the prime factors of a?
7, 241
Let c be ((-164)/(-3))/(24/36). Let p = c - 39. What are the prime factors of p?
43
Let m = -1079 + 3121. What are the prime factors of m?
2, 1021
Suppose 57*x = 69*x - 60228. What are the prime factors of x?
3, 7, 239
Let y = 122 - -78. What are the prime factors of y?
2, 5
Suppose 5*w - 187 = m, 5*w = m + 3*m + 178. What are the prime factors of w?
2, 19
Let o = -25 + 26. What are the prime factors of (-40)/(-16) - o/2?
2
Let r be 34/153 + (-1798)/(-9). Suppose 26*p = 24*p + r. What are the prime factors of p?
2, 5
Let r be 22/6 + 4/(-6) - 609. What are the prime factors of (0 + r/(-9))/((-2)/(-3))?
101
Let w(k) = -67*k - 526. What are the prime factors of w(-55)?
3, 13
Let y = 1024 - 486. List the prime factors of y.
2, 269
Let f(o) = 49*o - 6. Let c be f(4). Suppose 8*a - c = 3*a + 3*r, a = 3*r + 26. Suppose 0 = u + 5*x - a, -u + 2*x + x = -33. What are the prime factors of u?
2, 3
Let b be (173 - -1) + (